is the highest common divisor of 16995 and 495?
165
Calculate the greatest common divisor of 69975 and 5175.
225
What is the greatest common factor of 1291522 and 259?
37
Calculate the highest common factor of 3870798 and 1233.
411
What is the greatest common factor of 2025 and 3600?
225
Calculate the greatest common divisor of 729 and 2232.
9
What is the highest common factor of 32230 and 44?
22
What is the greatest common divisor of 1168 and 1971?
73
What is the greatest common factor of 28 and 69475?
7
Calculate the greatest common divisor of 14200 and 3450.
50
Calculate the greatest common factor of 240 and 90900.
60
What is the greatest common factor of 885 and 160?
5
Calculate the greatest common factor of 7010341 and 17.
17
What is the highest common factor of 70 and 1352365?
35
What is the highest common divisor of 355012 and 124?
124
Calculate the greatest common factor of 38710 and 93220.
790
What is the highest common factor of 2035 and 240685?
185
Calculate the highest common divisor of 75 and 1296850.
25
What is the greatest common factor of 106 and 159?
53
Calculate the highest common factor of 82644 and 2619.
291
Calculate the greatest common factor of 2082 and 1048634.
694
What is the greatest common factor of 51759 and 1458?
729
Calculate the greatest common divisor of 50 and 8820.
10
What is the highest common factor of 46641 and 126?
21
Calculate the highest common factor of 522 and 7065.
9
What is the greatest common divisor of 80 and 3072?
16
What is the highest common factor of 2898 and 15036?
42
Calculate the highest common factor of 1240227 and 27.
9
What is the highest common divisor of 1544 and 12738?
386
What is the greatest common divisor of 25 and 1135?
5
What is the highest common divisor of 602 and 237059?
43
Calculate the greatest common factor of 181807 and 2248.
281
Calculate the greatest common divisor of 2502 and 774.
18
What is the greatest common divisor of 568 and 3340408?
568
What is the greatest common divisor of 920 and 34730?
230
What is the greatest common divisor of 741957 and 207?
69
Calculate the highest common divisor of 166 and 100762.
166
What is the highest common divisor of 351 and 104?
13
Calculate the greatest common divisor of 1508 and 521391.
377
What is the greatest common divisor of 17628 and 384?
12
Calculate the highest common factor of 707400 and 9450.
1350
What is the highest common factor of 25093 and 690?
23
What is the highest common divisor of 391 and 8717?
23
What is the highest common factor of 1731 and 137903?
577
What is the highest common divisor of 7372 and 12?
4
Calculate the greatest common factor of 75504 and 546.
78
What is the greatest common factor of 8820 and 4508?
196
What is the highest common divisor of 1127304 and 510?
102
Calculate the greatest common factor of 916 and 4534.
2
What is the highest common factor of 1080 and 61128?
216
What is the greatest common divisor of 4900 and 672?
28
Calculate the greatest common divisor of 22919 and 32422.
559
What is the greatest common divisor of 39169 and 262?
131
What is the greatest common divisor of 405 and 496560?
15
Calculate the highest common factor of 105332 and 272.
68
Calculate the highest common divisor of 280108 and 956.
956
Calculate the highest common divisor of 507 and 4303.
13
What is the greatest common divisor of 289079 and 366?
61
What is the highest common divisor of 38731 and 23138?
503
What is the highest common divisor of 293027 and 2583?
287
What is the highest common divisor of 4563 and 6183?
27
What is the highest common factor of 2106 and 17199?
351
What is the greatest common factor of 57376 and 308?
44
What is the highest common divisor of 441 and 49?
49
Calculate the highest common factor of 51 and 246381.
51
What is the highest common divisor of 1345 and 69?
1
What is the highest common factor of 71 and 1746103?
71
Calculate the highest common factor of 1068420 and 20.
20
Calculate the greatest common factor of 39 and 28106.
13
Calculate the greatest common factor of 2196175 and 428.
107
Calculate the greatest common divisor of 5962 and 44.
22
Calculate the highest common divisor of 525 and 11697.
21
What is the greatest common factor of 2535 and 676?
169
What is the greatest common divisor of 296 and 1888?
8
Calculate the greatest common factor of 5334032 and 44.
44
Calculate the highest common factor of 6003 and 1323995.
667
What is the greatest common factor of 1305 and 97730?
145
What is the highest common factor of 208 and 2522?
26
What is the greatest common factor of 106 and 4502933?
53
Calculate the greatest common factor of 555 and 5994.
111
What is the highest common factor of 22 and 118?
2
What is the highest common factor of 10 and 437530?
10
Calculate the greatest common divisor of 665 and 26828.
19
Calculate the highest common factor of 363 and 96.
3
Calculate the greatest common factor of 180 and 40220.
20
Calculate the greatest common factor of 1316 and 346.
2
What is the greatest common divisor of 3510 and 5408?
26
What is the greatest common divisor of 4522 and 7486?
38
Calculate the highest common divisor of 413 and 749.
7
What is the highest common factor of 38862 and 30?
6
What is the highest common divisor of 114 and 216771?
57
Calculate the greatest common factor of 23 and 332281.
23
Calculate the greatest common divisor of 1054 and 34.
34
What is the highest common factor of 111304 and 56?
8
Calculate the highest common factor of 7235 and 35.
5
Calculate the greatest common factor of 14360 and 1160.
40
Calculate the highest common factor of 10481 and 331155.
223
What is the highest common divisor of 7596360 and 240?
120
What is the highest common divisor of 14670 and 85?
5
What is the greatest common divisor of 20119 and 59334?
341
What is the greatest common divisor of 11136 and 9?
3
What is the greatest common divisor of 52 and 1090284?
52
Calculate the highest common divisor of 706 and 116.
2
What is the greatest common divisor of 484 and 131890?
242
Calculate the highest common divisor of 45 and 2523.
3
What is the highest common factor of 2727 and 5589?
27
Calculate the highest common divisor of 81 and 2006127.
81
What is the highest common factor of 1591 and 5809?
37
What is the greatest common factor of 17 and 26027?
17
Calculate the greatest common divisor of 478962 and 2655.
531
What is the highest common factor of 1287 and 87945?
429
What is the greatest common factor of 5226 and 92058?
402
What is the highest common divisor of 19640 and 230?
10
What is the greatest common divisor of 70 and 19705?
35
Calculate the highest common factor of 768 and 360.
24
What is the highest common divisor of 2348 and 52?
4
Calculate the highest common factor of 1805842 and 34.
34
Calculate the highest common divisor of 108 and 399420.
36
What is the greatest common factor of 22449 and 357?
21
Calculate the greatest common divisor of 2425608 and 708.
708
Calculate the highest common divisor of 140 and 390180.
140
Calculate the greatest common factor of 140 and 10480.
20
What is the greatest common divisor of 26486 and 418?
38
What is the highest common factor of 1218 and 294147?
609
Calculate the highest common factor of 6524 and 10444.
28
Calculate the highest common divisor of 70 and 393785.
35
Calculate the highest common divisor of 8 and 172014.
2
What is the greatest common divisor of 5161 and 96074?
397
What is the greatest common divisor of 2192 and 360?
8
Calculate the greatest common divisor of 42968 and 655.
131
Calculate the highest common factor of 174484 and 1928.
964
Calculate the greatest common divisor of 323 and 18241.
17
What is the highest common factor of 18 and 1291383?
9
Calculate the greatest common divisor of 22314 and 4.
2
Calculate the highest common factor of 2228612 and 12.
4
What is the highest common divisor of 464 and 32400?
16
What is the greatest common factor of 75235 and 1468?
367
What is the greatest common factor of 585 and 315?
45
What is the greatest common factor of 587386 and 12216?
1018
What is the greatest common divisor of 172 and 24639?
43
What is the highest common divisor of 11123 and 84?
7
Calculate the greatest common divisor of 82236 and 1452.
132
Calculate the greatest common factor of 364959 and 1431.
27
What is the h